a**3 + 1419*a**2 - 413102*a + 4916. What is d(409)?
8
Let f(b) = -99*b**2 + 256*b - 11. What is f(3)?
-134
Let n(u) = -1219*u - 1833341. Give n(-1504).
35
Let r(j) = -17*j**2 + 1004*j - 5576. Determine r(53).
-117
Let o(k) = k**2 - 2520*k - 377989. Give o(-142).
15
Let o(w) = -5704*w + 3924268. Determine o(688).
-84
Let l(u) = -2*u**3 + 28*u**2 + 315*u - 4254. Give l(12).
102
Let q(d) = -d**2 + 23545*d - 16456049. What is q(721)?
55
Let u(o) = o**2 + 41*o - 80. Determine u(-46).
150
Let i(f) = -f**3 + 267*f**2 - 9651*f + 863. What is i(43)?
46
Let s(q) = 31*q**3 - 836*q**2 - 11*q - 538. Calculate s(27).
-106
Let y(b) = 21*b**2 + 807*b + 1609. What is y(-2)?
79
Let j(s) = -395*s**2 - 1974*s - 2365. Determine j(-2).
3
Let p(b) = -4*b**3 - 45*b**2 - 788*b - 8537. Give p(-11).
10
Let c(o) = o**3 + 178*o**2 + 49*o + 8865. Determine c(-178).
143
Let k(n) = -n**3 - 37*n**2 + 25*n - 778. Calculate k(-38).
-284
Let p(q) = -12532*q - 37554. What is p(-3)?
42
Let c(t) = t**3 - 92*t**2 - 86*t - 926. Calculate c(93).
-275
Let k(d) = -12*d**2 + 59*d + 1007. Give k(7).
832
Let d(x) = -2*x**2 - 344*x + 7567. What is d(20)?
-113
Let g(r) = r**3 + 40*r**2 - 2*r + 697. Give g(-40).
777
Let g(q) = -268*q**2 + 10154*q - 77. Determine g(38).
-1217
Let z(q) = 934*q + 3872. What is z(-4)?
136
Let q(b) = -27*b**2 - 657*b - 9. What is q(0)?
-9
Let y(a) = -2*a**2 + 1187*a - 114683. Determine y(472).
13
Let w(i) = i**3 + 21*i**2 - 107*i + 69. Give w(-25).
244
Let f(a) = 2*a**3 - 151*a**2 + 1509*a - 120474. Determine f(76).
-14
Let v(x) = -2*x**2 - 118*x + 549. Determine v(-70).
-991
Let h(k) = 1087427*k - 43497077. Determine h(40).
3
Let y(k) = -9*k**2 - 645*k - 553. Give y(-70).
497
Let q(o) = 1711*o + 35786. Give q(-21).
-145
Let m(w) = 1360*w - 59466. Give m(44).
374
Let v(d) = -64*d + 4894. Calculate v(73).
222
Let h(d) = -2*d**2 + 416*d + 10006. What is h(-22)?
-114
Let v(i) = -3*i**2 + 5509*i - 1028848. Give v(211).
-12
Let b(t) = 10829*t + 43310. What is b(-4)?
-6
Let j(b) = -7*b**3 + 38*b**2 - 397*b + 1914. Calculate j(5).
4
Let t(o) = 4872*o**3 - 5*o**2 + 28*o + 32. Give t(-1).
-4873
Let k(y) = -y**3 - 56*y**2 - 776*y + 124. What is k(-31)?
155
Let b(y) = 113325*y + 2493143. Give b(-22).
-7
Let m(f) = -140*f**2 - 5309*f + 406. Calculate m(-38).
-12
Let p(h) = h**3 - 127*h**2 + 374*h - 344. Calculate p(124).
-96
Let v(a) = -2643*a - 401818. Determine v(-152).
-82
Let y(c) = 77*c**3 - 398*c**2 + 358*c - 10. What is y(4)?
-18
Let m(v) = -10*v**3 + 680*v**2 + 511*v - 34744. Determine m(68).
4
Let y(q) = -47*q - 7102. Give y(-145).
-287
Let a(m) = -4147221*m + 4147215. Give a(1).
-6
Let i(q) = 27588*q - 220684. Calculate i(8).
20
Let m(l) = 5*l**2 - 1750*l - 61131. Calculate m(382).
-11
Let o(j) = -14*j**2 + 10040*j + 279739. Determine o(744).
-5
Let m(r) = 6*r**2 - 4408*r - 55295. What is m(747)?
-17
Let l(s) = -5*s**3 + 35*s**2 - 251*s + 1731. Determine l(7).
-26
Let a(m) = 719*m + 73381. Determine a(-102).
43
Let x(v) = -332*v**2 + 136*v - 77. Determine x(1).
-273
Let c(v) = -4*v**3 - 137*v**2 - 22*v + 194. What is c(-34)?
-214
Let j(s) = 14902*s + 104297. What is j(-7)?
-17
Let z(n) = -71*n**3 - 41*n**2 + 104*n. Determine z(2).
-524
Let v(n) = n**3 - 34*n**2 + 56040*n - 1734352. What is v(31)?
5
Let g(p) = 3*p**3 + 830*p**2 - 3645*p + 2086. What is g(-281)?
-162
Let d(c) = -c**3 + 269*c**2 + 3125*c + 499. Determine d(-11).
4
Let u(j) = -15753*j - 47253. Give u(-3).
6
Let g(c) = -c**3 + 33*c**2 - 68*c - 677. Give g(30).
-17
Let p(k) = -169*k**2 + 265*k - 970. Determine p(4).
-2614
Let z(c) = c**3 - 3*c**2 - 36*c - 31. What is z(8)?
1
Let b(i) = i**3 + 285*i**2 + 11*i + 167932. Determine b(-287).
37
Let v(y) = -2*y**3 + 301*y**2 + 1317*y - 220056. Calculate v(150).
-6
Let g(l) = -10*l**2 - 659*l - 1070. Calculate g(-64).
146
Let i(p) = -1670355*p - 1670377. Calculate i(-1).
-22
Let r(l) = -16*l**3 - 256*l**2 - 622*l + 14. Give r(-13).
-12
Let a(i) = -9*i**2 + 1955*i - 40149. Give a(23).
55
Let n(y) = -85*y**2 - 2966*y + 558. Give n(-35).
243
Let p(d) = -4*d**3 - 27*d**2 + 198*d - 53. What is p(7)?
-1362
Let s(b) = 207*b + 25655. Give s(-124).
-13
Let j(k) = 5026*k + 10120. Calculate j(-2).
68
Let r(a) = -16998*a - 17014989. Calculate r(-1001).
9
Let c(b) = 4*b**2 - 461*b + 8430. Give c(93).
153
Let b(g) = 4*g**3 - 38*g**2 - 144*g + 1529. What is b(8)?
-7
Let t(u) = -57*u**2 - 73*u + 25. Give t(-4).
-595
Let l(r) = r**2 - 1845*r + 32880. Give l(18).
-6
Let v(d) = -346*d - 1016. Determine v(-3).
22
Let b(j) = -j**3 - 25*j**2 - 6*j + 53. Determine b(-26).
885
Let h(k) = -41*k**2 - 2912*k - 68. Determine h(-71).
3
Let i(a) = -7*a**2 + 72*a + 704. Calculate i(17).
-95
Let r(z) = z**2 - 151*z + 4100. What is r(116)?
40
Let y(v) = 14*v**3 + 32*v**2 + 209*v - 1. Calculate y(-4).
-1221
Let m(n) = 187*n - 24280. Determine m(131).
217
Let z(q) = -q**3 + 319*q**2 - 337*q + 6026. Calculate z(318).
-16
Let c(i) = -i**2 - 9*i + 1786. Give c(45).
-644
Let x(g) = 84*g**2 + 1722*g + 846. Determine x(-20).
6
Let s(q) = -q**2 + 186447*q + 6899908. What is s(-37)?
0
Let w(f) = 3*f**2 + 1436*f + 149814. Calculate w(-325).
-11
Let z(w) = -w**3 + 234*w**2 - 5587*w - 387. Give z(207).
27
Let g(u) = -460*u**2 + 2263*u + 131. Calculate g(5).
-54
Let d(m) = 189*m**2 - 1531*m + 7. Determine d(8).
-145
Let x(c) = 2099*c + 688492. Give x(-328).
20
Let u(r) = -7440*r + 194208. What is u(26)?
768
Let h(t) = -3*t**3 + 599*t**2 + 2362*t - 57. Give h(-4).
271
Let k(d) = -120510*d + 723050. Give k(6).
-10
Let j(d) = -2*d**3 + 2*d**2 + 141*d + 353. What is j(-5)?
-52
Let r(s) = 4*s**3 - 9*s**2 + 117*s - 991. Determine r(7).
759
Let m(s) = 2*s**3 + 46*s**2 - 1601*s + 75. Determine m(19).
-20
Let n(q) = q**3 + 22*q**2 + 25*q + 3. Calculate n(-4).
191
Let p(f) = f**2 - 197*f - 178226. What is p(-335)?
-6
Let t(h) = 1143*h + 136043. What is t(-119)?
26
Let h(y) = -y**3 - 103*y**2 - 505*y - 1453. Give h(-98).
17
Let b(i) = 1445*i + 605487. Give b(-419).
32
Let f(g) = -g**2 + 5197*g + 41586. Calculate f(-8).
-54
Let i(v) = 308*v**2 + 2800. Calculate i(0).
2800
Let s(n) = 7*n**2 + 416*n + 4838. What is s(-41)?
-451
Let m(z) = 5*z**3 + 68*z**2 - 858*z - 11621. Calculate m(-14).
-1
Let t(s) = -5*s**2 + 493*s - 4274. Determine t(89).
-2
Let z(v) = -181*v - 1202. Determine z(-6).
-116
Let k(p) = -14*p**3 - 140*p**2 - 421*p + 21. Calculate k(-3).
402
Let y(m) = -m**3 + 10*m**2 + 236*m + 9. Calculate y(-11).
-46
Let o(x) = -x**3 - 256*x**2 + 343*x + 22003. What is o(-257)?
-99
Let d(i) = -4*i**2 + 339*i - 992. What is d(85)?
-1077
Let s(f) = 2961*f + 127339. Determine s(-43).
16
Let z(y) = 10*y**2 + 177*y + 6. Calculate z(0).
6
Let o(j) = -193*j**2 + 343*j - 343. Determine o(1).
-193
Let q(h) = 11*h**3 - 44*h**2 + 19*h - 14. What is q(8)?
2954
Let r(j) = -877*j - 281516. Determine r(-321).
1
Let o(u) = -799691*u - 4798138. Give o(-6).
8
Let v(r) = 175*r**2 + 417*r + 69. Calculate v(-2).
-65
Let d(a) = -a**2 + 455*a - 29288. Give d(76).
-484
Let r(i) = 313*i - 2629. What is r(7)?
-438
Let v(s) = -s**3 + 4*s**2 + 319*s + 54. What is v(-15)?
-456
Let f(k) = k**3 - 17*k**2 - 6*k + 646. Calculate f(15).
106
Let z(c) = -1610*c - 21030. Determine z(-13).
-100
Let t(k) = 3*k**3 - 101*k**2 + 450*k - 12842. What is t(33)?
-170
Let y(q) = -429531*q - 13315462. What is y(-31)?
-1
Let y(q) = 8283*q + 298194. Determine y(-36).
6
Let j(u) = -111921*u - 2798033. What is j(-25)?
-8
Let h(k) = -9*k**2 + 160*k - 493. Give h(5).
82
Let h(c) = 76*c**3 - 230*c**2 + 39*c - 111. Calculate h(3).
-12
Let h(o) = -12082*o + 1026970. What is h(85)?
0
Let b(s) = -1340*s**2 + 17414*s + 74. Determine b(13).
-4
Let s(q) = -5*q**2 - 56085*q - 59. Give s(0).
-59
Let b(g) = -137999*g + 413984. Give b(3).
-13
Let b(j) = -6*j**3 - 41*j**2 - 279*j - 60. Determine b(-7).
1942
Let o(l) = -16999*l**2 - 84997*l - 12. Determine o(-5).
-2
Let o(v) = 875*v + 48058. Give o(-55).
-67
Let j(h) = -2*h**3 + 363*h**2 + 562*h - 2367. Give j(183).
12
Let n(f) = -150*f - 1325. Calculate n(-24).
2275
Let y(f) = -87*f + 8737. Give y(96).
385
Let g(j) = -1527*j - 552433. What is g(-361)?
-1186
Let b(z) = -589*z - 887. Calculate b(-1).
-298
Let j(n) = 10*n**3 + 167*n**2 - 5*n + 776. Give j(-17).
-6
Let y(o) = -13*o**2 - 416*o - 826. Determine y(-2).
-46
Let q(j) = -15